?
1
What is the thousands digit of 798001?
8
What is the hundreds digit of 23941840?
8
What is the tens digit of 537483?
8
What is the ten thousands digit of 3503772?
0
What is the hundreds digit of 489768?
7
What is the units digit of 1894874?
4
What is the hundreds digit of 411897?
8
What is the ten thousands digit of 136100?
3
What is the units digit of 1222545?
5
What is the thousands digit of 581245?
1
What is the hundreds digit of 2813937?
9
What is the tens digit of 2356964?
6
What is the hundred thousands digit of 138147?
1
What is the thousands digit of 4273742?
3
What is the millions digit of 1232625?
1
What is the units digit of 1027769?
9
What is the hundreds digit of 1996892?
8
What is the hundreds digit of 79453?
4
What is the hundreds digit of 1081192?
1
What is the hundreds digit of 139841?
8
What is the thousands digit of 3813843?
3
What is the ten thousands digit of 2408457?
0
What is the thousands digit of 2706335?
6
What is the units digit of 31260439?
9
What is the units digit of 855789?
9
What is the hundreds digit of 466078?
0
What is the ten thousands digit of 943873?
4
What is the thousands digit of 2171936?
1
What is the hundreds digit of 1879678?
6
What is the units digit of 91818?
8
What is the hundreds digit of 18972432?
4
What is the millions digit of 15821148?
5
What is the hundreds digit of 699428?
4
What is the units digit of 164366?
6
What is the hundred thousands digit of 2000968?
0
What is the hundreds digit of 278428?
4
What is the thousands digit of 827241?
7
What is the tens digit of 20940287?
8
What is the thousands digit of 482554?
2
What is the units digit of 610621?
1
What is the millions digit of 2209410?
2
What is the tens digit of 187370?
7
What is the thousands digit of 329660?
9
What is the ten thousands digit of 216446?
1
What is the millions digit of 12118284?
2
What is the hundred thousands digit of 100566?
1
What is the tens digit of 20526047?
4
What is the hundred thousands digit of 277000?
2
What is the thousands digit of 651586?
1
What is the hundred thousands digit of 196599?
1
What is the thousands digit of 551472?
1
What is the hundred thousands digit of 23691707?
6
What is the units digit of 197897?
7
What is the hundreds digit of 115026?
0
What is the tens digit of 10631?
3
What is the ten millions digit of 10745814?
1
What is the hundreds digit of 769085?
0
What is the hundred thousands digit of 172921?
1
What is the thousands digit of 149809?
9
What is the hundreds digit of 33962217?
2
What is the tens digit of 5468302?
0
What is the thousands digit of 175637?
5
What is the units digit of 2189856?
6
What is the ten thousands digit of 8141369?
4
What is the tens digit of 92222?
2
What is the tens digit of 5507663?
6
What is the hundreds digit of 2946046?
0
What is the hundreds digit of 7245?
2
What is the units digit of 609417?
7
What is the units digit of 54036?
6
What is the units digit of 7894381?
1
What is the tens digit of 1091259?
5
What is the ten thousands digit of 3719004?
1
What is the hundreds digit of 139024?
0
What is the units digit of 6755554?
4
What is the tens digit of 9146239?
3
What is the units digit of 85334?
4
What is the hundreds digit of 860325?
3
What is the millions digit of 13274070?
3
What is the ten thousands digit of 553257?
5
What is the hundred thousands digit of 3761823?
7
What is the ten thousands digit of 2299679?
9
What is the hundred thousands digit of 1515106?
5
What is the thousands digit of 1378503?
8
What is the thousands digit of 325436?
5
What is the units digit of 2673020?
0
What is the hundreds digit of 2740675?
6
What is the hundreds digit of 7584530?
5
What is the hundreds digit of 383741?
7
What is the ten thousands digit of 3415898?
1
What is the tens digit of 7200868?
6
What is the hundred thousands digit of 300930?
3
What is the ten thousands digit of 64832?
6
What is the ten thousands digit of 2488269?
8
What is the tens digit of 17416485?
8
What is the hundreds digit of 155413?
4
What is the thousands digit of 1912864?
2
What is the thousands digit of 1622449?
2
What is the units digit of 100059?
9
What is the units digit of 12141296?
6
What is the ten thousands digit of 252005?
5
What is the ten thousands digit of 2772685?
7
What is the tens digit of 97421?
2
What is the hundreds digit of 2325839?
8
What is the hundred thousands digit of 417997?
4
What is the tens digit of 313314?
1
What is the thousands digit of 132409?
2
What is the hundred thousands digit of 2424420?
4
What is the thousands digit of 260905?
0
What is the units digit of 37072769?
9
What is the millions digit of 2795253?
2
What is the hundreds digit of 453774?
7
What is the ten thousands digit of 3741463?
4
What is the hundred thousands digit of 234152?
2
What is the units digit of 156375?
5
What is the ten thousands digit of 128151?
2
What is the ten thousands digit of 131818?
3
What is the ten millions digit of 20324078?
2
What is the hundreds digit of 986903?
9
What is the thousands digit of 497928?
7
What is the millions digit of 6233315?
6
What is the ten thousands digit of 6123603?
2
What is the tens digit of 363635?
3
What is the hundreds digit of 18567650?
6
What is the thousands digit of 306431?
6
What is the hundred thousands digit of 4134041?
1
What is the ten thousands digit of 143871?
4
What is the ten thousands digit of 26404?
2
What is the thousands digit of 579163?
9
What is the hundreds digit of 5959230?
2
What is the ten thousands digit of 13865399?
6
What is the hundred thousands digit of 656214?
6
What is the tens digit of 556455?
5
What is the hundreds digit of 102553?
5
What is the hundreds digit of 4261258?
2
What is the units digit of 17328908?
8
What is the ten thousands digit of 259270?
5
What is the millions digit of 5773235?
5
What is the ten thousands digit of 1071853?
7
What is the hundreds digit of 2789763?
7
What is the hundreds digit of 17991295?
2
What is the ten thousands digit of 896379?
9
What is the thousands digit of 126285?
6
What is the ten thousands digit of 1129691?
2
What is the ten thousands digit of 1319912?
1
What is the millions digit of 2579459?
2
What is the units digit of 165078?
8
What is the hundred thousands digit of 977896?
9
What is the hundred thousands digit of 5310065?
3
What is the hundreds digit of 21744059?
0
What is the hundred thousands digit of 121491?
1
What is the hundred thousands digit of 174302?
1
What is the millions digit of 3669062?
3
What is the ten thousands digit of 7807116?
0
What is the millions digit of 3376615?
3
What is the hundred thousands digit of 864880?
8
What is the units digit of 1522840?
0
What is the hundreds digit of 149298?
2
What is the thousands digit of 14276054?
6
What is the thousands digit of 893149?
3
What is the hundreds digit of 31437311?
3
What is the hundreds digit of 13386872?
8
What is the thousands digit of 27204623?
4
What is the tens digit of 617780?
8
What is the hundreds digit of 702506?
5
What is the hundreds digit of 16785406?
4
What is the thousands digit of 5967658?
7
What is the thousands digit of 30671097?
1
What is the tens digit of 6095895?
9
What is the tens digit of 100990?
9
What is the ten thousands digit of 874644?
7
What is the units digit of 1009247?
7
What is the tens digit of 297471?
7
What is the units digit of 214591?
1
What is the thousands digit of 228054?
8
What is the tens digit of 130009?
0
What is the ten thousands digit of 217816?
1
What is the ten thousands digit of 63940?
6
What is the thousands digit of 1776917?
6
What is the thousands digit of 2595584?
5
What is the thousands digit of 3128685?
8
What is the ten thousands digit of 1167942?
6
What is the units digit of 316738?
8
What is the units digit of 3571205?
5
What is the thousands digit of 5099956?
9
What is the ten thousands digit of 5821996?
2
What is the hundred thousands digit of 211074?
2
What is the hundreds digit of 2834224?
2
What is the thousands digit of 1193630?
3
What is the thousands digit of 931908?
1
What is the tens digit of 3579828?
2
What is the tens digit of 10964667?
6
What is the hundreds digit of 8054?
0
What is the hundreds digit of 7817099?
0
What is the hundreds digit of 549535?
5
What is the thousands digit of 506374?
6
What is the hundreds